
Let z(j) = -j**3 + 6*j**2 - 2*j - 11. Let g be z(5). Let p be g/(-26) + 10540/65. Calculate the highest common factor of p and 18.
18
Let l be 2/((24/(-42))/(-2)). Calculate the highest common divisor of 707 and l.
7
Suppose 33*a = 147*a - 350550. What is the greatest common factor of a and 75?
75
Let o(d) = -d**3 + 18*d**2 - 17*d + 15. Let i be o(17). What is the highest common factor of 105 and i?
15
Let c(q) = -2*q**3 - 4*q**2 + 0 + 3*q**2 - 3*q - 7*q**3 - 3. Let p be c(-1). What is the highest common factor of 64 and p?
8
Suppose 3*f - 167 = -0*l - 2*l, -3*l = 3*f - 255. Let s = -3446 + 3454. What is the greatest common factor of l and s?
8
Let r be (-861)/(-18) - 133/(-798). Let v be -1*(-4 + 1 + -2). Let p(b) = 3*b - 3. Let k be p(v). Calculate the highest common divisor of k and r.
12
Let o(w) = -20*w + 20. Let r(x) = 7*x - 7. Let h(k) = -6*o(k) - 17*r(k). Let t = 38 + -27. Let z be h(t). What is the greatest common factor of z and 10?
10
Suppose 0 = -3*q - 4*u - 5, q + q = 2*u - 8. Let v = q + 11. Suppose 0 = -3*g + 74 - v. Calculate the greatest common divisor of 2 and g.
2
Let t be 1616 - (25 - 9 - 6). Calculate the greatest common divisor of 146 and t.
146
Suppose 0 = -5*o - 146 + 521. Suppose -5*r = -0*r - o. Calculate the greatest common factor of 5 and r.
5
Let k = -35 - -125. Let i be (k/25 + 0)*-5. Let c = i + 117. What is the greatest common factor of c and 9?
9
Suppose w - x - 31 = 57, 5*x = -w + 100. Let k(s) = -7*s - 10. Let g be k(-10). Calculate the greatest common divisor of w and g.
30
Let s = 463 + -199. Let t be ((s/(-18))/2)/((-1)/39). What is the highest common divisor of t and 26?
26
Let d(v) = v**2 - 13*v - 206. Let c be d(26). Calculate the greatest common factor of c and 36.
12
Suppose 972 = 7*f - 2752. What is the greatest common factor of 38 and f?
38
Let k = 102 + -47. Let q be k/22 + (-1)/2. Suppose 3*w - q*o = 227, 5*w - 376 = -3*o + 4*o. What is the greatest common divisor of 15 and w?
15
Let w be 4/(3*12/72). Calculate the highest common divisor of 664 and w.
8
Let n be (-3)/((-6)/172) + -2 + 0. What is the highest common divisor of n and 8?
4
Suppose 9*a = 44 + 1. Suppose 0 = -v + o + 14 + 8, 3*o = -v + 14. Suppose -5*b - 2*y + v = -y, b - y - 10 = 0. What is the greatest common factor of b and a?
5
Let s = -77 + 122. What is the highest common factor of s and 55?
5
Suppose j + 2*j - 9 = 0. Suppose 3*f + 3 = -i + 10, -2*f = -j*i + 10. Let l be ((-184)/(-24) + -9)*-6. What is the highest common factor of i and l?
4
Let l be (-5)/20 + 73/4. Calculate the highest common factor of 549 and l.
9
Suppose 0 = 4*b + 3*w - 339, -b - 2*w = -2*b + 82. Let h be (3 + -2)*12/(-3). Let i be h/(-3)*(14 - 5). Calculate the greatest common factor of i and b.
12
Suppose x - 56 = -4*v, x + 3*x = 0. Calculate the highest common divisor of v and 105.
7
Let x(y) = -y + 1. Let q be x(12). Let k = 26 + q. What is the highest common factor of k and 120?
15
Suppose -3*u + 24 = -21. Let l(j) = j + 5 + 5*j - 2*j + j**2 + 2*j. Let s be l(5). Calculate the highest common divisor of u and s.
15
Let k = 71 + -126. Let b be (k/20 - -1)/((-2)/8). Let f(w) = -5*w - 6. Let j be f(-4). What is the greatest common divisor of j and b?
7
Let a be 14*-2 + 0/2. Let w = a + 28. Suppose 0 = 2*j - 4, 3*f + j = -w*j + 68. What is the highest common divisor of f and 198?
22
Let n(t) = -t**2 + 15*t - 33. Let y be n(9). What is the greatest common divisor of y and 189?
21
Suppose 12*x + 12 = 13*x. Let s = x - 5. Let d(h) = -56*h. Let z be d(-1). Calculate the greatest common factor of s and z.
7
Let z be 8*(2 + 1)/3. Let p be (-1175)/(-20) + (-6)/z. Suppose -2*h + 3*r = -35, -5*h + p = -2*h + r. What is the highest common divisor of 209 and h?
19
Suppose s - 5*s = -24. Calculate the greatest common divisor of s and 15.
3
Let d be (-2 + 0 - -4)/1. Let g be (1/d)/(7/420). What is the highest common factor of g and 6?
6
Let g(a) = a**2 - a + 21. Let p be g(0). Suppose -2*t + 23 = 5*j, -111*t + 2*j - 40 = -114*t. Calculate the highest common divisor of t and p.
7
Let n(x) = 16*x**2 + 9*x + 9. Let u be n(-1). Let t(j) = 26*j**2 - 2*j - 3. Let i be t(3). Let m = i - u. Calculate the greatest common divisor of m and 19.
19
Suppose -76 = -5*x - 4*h, 2*x + x = 4*h + 20. Suppose 2*s = -4*r + r + 144, r - 48 = s. Calculate the highest common divisor of r and x.
12
Let o(n) = 13*n + 2. Let f be o(-2). Let t be 106/12 + (-4)/f. Let k = 225 - 144. Calculate the greatest common factor of t and k.
9
Suppose -16*o + 193 = 33. Let z be ((-4)/(-2) - 0) + 13. What is the greatest common divisor of o and z?
5
Let z = -25 + -2. Let s = 40 + z. Calculate the greatest common divisor of 39 and s.
13
Let m be (2/(-6))/((-22)/1122). Let v be m + (-20)/4 + 4. Suppose -s + 31 = -113. Calculate the highest common factor of v and s.
16
Let d = 90 + -74. Let b be (-8)/12*-9 - 2. Suppose b*s - 8 = 2*s. What is the greatest common divisor of s and d?
4
Let p(u) = -2*u - 2. Let d be p(-4). Let v be (0/2 + 135)*1. Let m = 189 - v. Calculate the greatest common factor of m and d.
6
Let u = -22 + 134. What is the greatest common divisor of u and 126?
14
Suppose -7*o - 7*o + 1568 = 0. What is the highest common factor of 32 and o?
16
Suppose 82 = -5*n + 1162. Let y = -80 + n. Calculate the greatest common divisor of 17 and y.
17
Let v be (-6)/(((-84)/16)/7). Suppose v = 3*r - r. Let d = 45 + -9. What is the highest common factor of r and d?
4
Let j = -829 - -835. Let a(g) = g + 16. Let r be a(-9). Let u = r - 4. Calculate the greatest common divisor of u and j.
3
Suppose -2*q - 4*k + 96 = 0, -201 = -6*q + q + 3*k. Suppose -2*f + 51 = -2*z - 93, z = -2. What is the highest common factor of f and q?
14
Let q = 60 - 38. Suppose 153 = 4*m + 21. What is the highest common factor of m and q?
11
Let z be 506/8 - 2/8. Suppose -111 = -5*w + 3*i, 43*w - 45*w + 36 = 3*i. Calculate the highest common divisor of z and w.
21
Suppose -2*y = -12 - 0. Suppose y*f + 15 = -57. Let q = 16 + f. What is the highest common factor of q and 12?
4
Let r be (-2493 + -9)/(-18) + 14. Suppose -2*y = 7 - 41. What is the greatest common factor of r and y?
17
Let d = -1426 - -1445. Calculate the highest common factor of d and 323.
19
Suppose 5*a + 343 = 2*k, 3*a + 276 - 1087 = -5*k. Calculate the highest common factor of 4 and k.
4
Suppose 0 = -3*o + 931 + 1016. What is the greatest common factor of 59 and o?
59
Let p = -1199 - -1528. What is the greatest common factor of 7 and p?
7
Let i be 9/(-15) - (-109213)/155. What is the highest common divisor of 88 and i?
88
Suppose -5*r + 0*r = -20. Suppose 0 = o - 2*b - r, 5*o - 1 = 2*o - 5*b. Suppose o*m - 24 = 2. Calculate the greatest common divisor of m and 13.
13
Let c(f) = 2*f**2 - 2*f - 4. Let u be c(-3). Let w = -57 + 67. Calculate the highest common factor of w and u.
10
Let a(r) = -r**2 + 4*r. Let q be a(3). Suppose q*i + 2*y = 2*i + 7, -y - 4 = -2*i. Suppose 377 = 15*o - 118. What is the highest common factor of o and i?
3
Suppose -3*t + 2966 = -2614. Calculate the highest common divisor of 20 and t.
20
Suppose 4*m - 5*a - 128 = -43, -a - 50 = -3*m. Let i be 24/20*m/(-3). Let y be 6/(1*(-3)/i). Calculate the greatest common factor of y and 18.
6
Let f be (0 + -370)*(-8)/5. Let p be (-4)/10*-1 - 3348/(-30). Suppose -f + p = -4*c. What is the greatest common factor of 48 and c?
24
Let i = 49 + -45. What is the greatest common divisor of 14 and i?
2
Let v be (7/((-105)/(-10)))/(3/45). Let p be 99/5 + 10/50. Calculate the highest common divisor of v and p.
10
Let u be (-49)/28*(-13 - -1). Let i be (2 - -9) + 8/(-2). What is the highest common divisor of i and u?
7
Suppose -17*q - 216 = -20*q. Let f = 108 - q. Calculate the highest common factor of 24 and f.
12
Suppose -l + 23 - 1021 = 3*t, 3*t - 3*l = -1002. Let x be t/(-15) + (-2)/10. What is the greatest common factor of x and 33?
11
Let f(h) = 43*h - 247. Let d be f(17). What is the highest common factor of d and 308?
44
Let n be (-2)/(17/(-5) - -3). Suppose -u = -n*u + 36. Let t = u - -10. Calculate the highest common factor of 57 and t.
19
Let k = 1198 - 1189. What is the greatest common factor of k and 45?
9
Let k = 646 - 340. What is the greatest common divisor of k and 36?
18
Let s be (-1 - 0)*21/(-1). Suppose 